{"id":50,"date":"2022-03-29T21:56:21","date_gmt":"2022-03-29T19:56:21","guid":{"rendered":"https:\/\/www.zahnarzt-quantschnigg.at\/?page_id=50"},"modified":"2022-03-29T21:56:21","modified_gmt":"2022-03-29T19:56:21","slug":"paradontaltherapie","status":"publish","type":"page","link":"https:\/\/www.zahnarzt-quantschnigg.at\/?page_id=50","title":{"rendered":"Paradontaltherapie"},"content":{"rendered":"\n<p><br>Entz\u00fcndungen des Zahnhalteapparats werden &#8222;Parodontitis&#8220; genannt. Zahnfleischbluten, geschwollenes, bl\u00e4ulich verf\u00e4rbtes Zahnfleisch und Mundgeruch sind Zeichen f\u00fcr den akuten Beginn. Ohne Therapie f\u00fchrt es zu Zahntaschen und Knochenabbau. Die Folge sind Lockerung und Verlust von Z\u00e4hnen. Daher sollte mit regelm\u00e4\u00dfiger Mundhygiene vorgebeugt und mit Paradontaltherapie wie Sp\u00fclungen, Sauerstofftherapie, Curettagen und Flap-Operation einem Zahnverlust entgegengewirkt werden.<br>und Flap-Operation einem Zahnverlust entgegengewirkt werden.<\/p>\n","protected":false},"excerpt":{"rendered":"<p>Entz\u00fcndungen des Zahnhalteapparats werden &#8222;Parodontitis&#8220; genannt. Zahnfleischbluten, geschwollenes, bl\u00e4ulich verf\u00e4rbtes Zahnfleisch und Mundgeruch sind Zeichen f\u00fcr den akuten Beginn. Ohne Therapie f\u00fchrt es zu Zahntaschen und Knochenabbau. Die Folge sind Lockerung und Verlust von Z\u00e4hnen. Daher sollte mit regelm\u00e4\u00dfiger Mundhygiene vorgebeugt und mit Paradontaltherapie wie Sp\u00fclungen, Sauerstofftherapie, Curettagen und Flap-Operation einem Zahnverlust entgegengewirkt werden.und Flap-Operation &hellip; <\/p>\n<p class=\"link-more\"><a href=\"https:\/\/www.zahnarzt-quantschnigg.at\/?page_id=50\" class=\"more-link\">Mehr <span class=\"screen-reader-text\">\u00fcber &#8222;Paradontaltherapie&#8220; <\/span>Lesen<\/a><\/p>\n","protected":false},"author":1,"featured_media":0,"parent":0,"menu_order":0,"comment_status":"closed","ping_status":"closed","template":"","meta":{"footnotes":""},"class_list":["post-50","page","type-page","status-publish","hentry"],"featured_media_urls":[],"_links":{"self":[{"href":"https:\/\/www.zahnarzt-quantschnigg.at\/index.php?rest_route=\/wp\/v2\/pages\/50","targetHints":{"allow":["GET"]}}],"collection":[{"href":"https:\/\/www.zahnarzt-quantschnigg.at\/index.php?rest_route=\/wp\/v2\/pages"}],"about":[{"href":"https:\/\/www.zahnarzt-quantschnigg.at\/index.php?rest_route=\/wp\/v2\/types\/page"}],"author":[{"embeddable":true,"href":"https:\/\/www.zahnarzt-quantschnigg.at\/index.php?rest_route=\/wp\/v2\/users\/1"}],"replies":[{"embeddable":true,"href":"https:\/\/www.zahnarzt-quantschnigg.at\/index.php?rest_route=%2Fwp%2Fv2%2Fcomments&post=50"}],"version-history":[{"count":1,"href":"https:\/\/www.zahnarzt-quantschnigg.at\/index.php?rest_route=\/wp\/v2\/pages\/50\/revisions"}],"predecessor-version":[{"id":56,"href":"https:\/\/www.zahnarzt-quantschnigg.at\/index.php?rest_route=\/wp\/v2\/pages\/50\/revisions\/56"}],"wp:attachment":[{"href":"https:\/\/www.zahnarzt-quantschnigg.at\/index.php?rest_route=%2Fwp%2Fv2%2Fmedia&parent=50"}],"curies":[{"name":"wp","href":"https:\/\/api.w.org\/{rel}","templated":true}]}}